Let w(q) = -q**3 + 70*q**2 + 1634*q - 79004. Give w(78).
-224
Let l(z) = -29*z**2 - 553*z - 595. What is l(-18)?
-37
Let m(g) = g**2 - 348*g + 8800. What is m(28)?
-160
Let z(b) = 4*b**3 - 96*b**2 - 669*b + 47. What is z(-7)?
-1346
Let o(x) = 10614*x + 551941. Give o(-52).
13
Let s(i) = -i**3 + 133*i**2 + 163*i - 21685. Determine s(133).
-6
Let r(p) = 4181*p + 1220975. What is r(-292)?
123
Let w(a) = a**3 - 11*a**2 + 85112*a - 851001. Give w(10).
19
Let a(s) = -17*s**3 - s**2 + 6*s - 22. Calculate a(4).
-1102
Let d(l) = -248*l - 8193. What is d(-31)?
-505
Let r(w) = 25*w**2 - 2471*w - 2873. Give r(100).
27
Let m(n) = n**2 - 514*n + 64244. Give m(216).
-124
Let c(w) = 13016*w + 65006. What is c(-5)?
-74
Let f(j) = -7*j**3 - 142*j**2 - 56*j - 439. Determine f(-20).
-119
Let p(n) = -28*n**2 - 42*n + 244. Calculate p(6).
-1016
Let u(s) = -3*s**3 + 692*s**2 + 217*s + 3091. Determine u(231).
-143
Let l(c) = 12*c**2 + 451*c - 3741. What is l(-44)?
-353
Let d(z) = 123*z**2 + 840*z - 95. What is d(-7)?
52
Let m(o) = -o**3 + 111*o**2 + 9581*o - 839. Calculate m(168).
1
Let s(r) = 2*r**3 + 290*r**2 - 300*r - 1498. Give s(-146).
-330
Let m(a) = -a**2 - 4729*a - 1077685. Determine m(-240).
-325
Let i(m) = m**3 - 22*m**2 + 145*m - 526. What is i(20)?
1574
Let w(s) = 16282*s + 4900858. Give w(-301).
-24
Let x(k) = k**3 + 69*k**2 + 140*k + 469. Calculate x(-67).
67
Let y(b) = -59*b**2 + 568*b - 11. Give y(-2).
-1383
Let t(v) = -26*v**3 + 9852*v**2 + 762*v - 1496. What is t(379)?
20
Let t(x) = -13*x**3 + 449*x**2 - 1356*x - 7. What is t(3)?
-385
Let x(q) = -205*q - 3372. What is x(-17)?
113
Let o(j) = 4157*j + 33241. Determine o(-8).
-15
Let h(m) = -805*m + 81307. Give h(101).
2
Let b(l) = 17*l + 103. Calculate b(-3).
52
Let q(d) = -19112*d + 305743. Give q(16).
-49
Let d(a) = -14390*a + 733965. What is d(51)?
75
Let w(z) = 4*z**3 + 182*z**2 + 117*z + 981. Give w(-45).
-234
Let i(l) = 2*l**3 + 50*l**2 + 513*l + 3510. What is i(-16)?
-90
Let i(z) = -z**3 - 6*z**2 + 684*z + 5354. Calculate i(-8).
10
Let t(a) = 65*a**2 + 20601*a - 1302. What is t(-317)?
-34
Let n(c) = -c**3 + 57*c**2 - 212*c - 25. Determine n(53).
-25
Let l(g) = -27850*g - 2060906. Determine l(-74).
-6
Let i(a) = -a**2 - 1309*a + 521281. What is i(320)?
1
Let a(t) = -t**3 + 46*t**2 + 186*t + 650. Give a(50).
-50
Let z(k) = k**3 - 15*k**2 - 44*k - 55. Calculate z(-7).
-825
Let k(h) = 117899*h + 707350. Give k(-6).
-44
Let q(g) = 2718*g + 33118. What is q(-12)?
502
Let a(z) = -2*z**2 - 189*z - 4158. Determine a(-54).
216
Let v(l) = 1315*l**2 - 7900*l + 74. What is v(6)?
14
Let q(h) = 4*h**3 + 74*h**2 + 87*h + 48. Give q(-17).
303
Let z(i) = -113940*i - 4101931. Give z(-36).
-91
Let p(u) = u**3 - 158*u**2 - 649*u + 194. Give p(162).
32
Let o(j) = 22*j**2 - 18956*j + 150233. Give o(8).
-7
Let c(j) = j**3 + 119*j**2 - 376*j + 14265. Give c(-123).
-3
Let n(m) = -3*m**2 + 1862*m - 265334. What is n(399)?
1
Let c(j) = j**2 + 48*j - 698. Give c(21).
751
Let q(f) = -6767*f - 13155. Determine q(-2).
379
Let v(n) = -6629*n + 31336. Determine v(4).
4820
Let t(d) = -d**3 + 21*d**2 - 40*d - 128. Give t(4).
-16
Let c(d) = -4*d**3 - 290*d**2 - 123*d + 1476. What is c(-72)?
-36
Let d(o) = -424*o + 20773. Give d(60).
-4667
Let d(h) = -h**2 + 361*h + 15573. What is d(-38)?
411
Let i(h) = -h**3 - 20*h**2 + 16024*h - 687. Determine i(-137).
-2
Let b(f) = 3433*f + 16930. What is b(-5)?
-235
Let b(o) = 3*o**3 - 109*o**2 + 497*o - 53. Give b(31).
-22
Let s(i) = -i**2 + 627*i + 30202. Give s(-45).
-38
Let s(l) = -4079*l**2 - 934095*l - 906. Calculate s(-229).
10
Let j(f) = -5544*f + 11163. Determine j(2).
75
Let y(f) = f**3 - 217*f**2 - 1126*f + 3569. What is y(222)?
17
Let v(o) = 39110*o - 1055759. Give v(27).
211
Let p(y) = y**3 - 553*y**2 - 484*y - 38788. Determine p(554).
-8
Let j(o) = -5*o**3 + 97*o**2 + 742*o - 2817. What is j(-8)?
15
Let o(u) = 3193*u + 2241499. Give o(-702).
13
Let u(b) = 6191*b + 130607. Determine u(-21).
596
Let n(f) = 13588*f - 149441. Give n(11).
27
Let b(v) = -25*v**2 + 140*v - 57. Determine b(4).
103
Let g(i) = 53*i**2 - 1182*i + 308. What is g(22)?
-44
Let k(v) = -v**2 - 279370*v - 1117458. What is k(-4)?
6
Let z(s) = 10*s**2 + 2957*s - 19023. What is z(-302)?
3
Let s(v) = v**3 - 30*v**2 + 177*v - 283. Determine s(21).
-535
Let l(v) = 174*v + 9398. What is l(-54)?
2
Let j(v) = -333*v + 54016. Determine j(162).
70
Let j(s) = -146831*s + 1615126. Give j(11).
-15
Let q(y) = -47*y**2 - 1275*y + 5657. Calculate q(-31).
15
Let j(u) = -u**3 - 23*u**2 + 396*u + 8934. What is j(-24)?
6
Let m(l) = -l**2 - 697*l + 7006. Calculate m(10).
-64
Let a(r) = 4*r**3 - 386*r**2 - 338*r + 54. Give a(-1).
2
Let o(h) = 78*h**2 - 948*h - 2062. Determine o(14).
-46
Let b(o) = o**3 - 138*o**2 + 261*o + 1523. Give b(136).
27
Let w(a) = -3*a**3 - 24*a**2 + 640*a + 5524. What is w(-9)?
7
Let s(g) = g**2 + 23*g + 19. Determine s(-9).
-107
Let a(t) = 354*t**2 + 17688*t - 596. Determine a(-50).
4
Let v(f) = 39*f**2 - 63*f - 126. Calculate v(3).
36
Let y(x) = -174*x + 21538. Determine y(124).
-38
Let p(b) = -2*b**3 - 155*b**2 - 88*b - 441. Calculate p(-77).
406
Let q(y) = 11*y**2 + 435*y + 3556. What is q(-11)?
102
Let s(y) = -23*y**2 - 934*y - 256. Give s(-37).
2815
Let q(p) = -12*p**3 + 19*p**2 - 20*p + 14. Determine q(3).
-199
Let r(s) = 3*s**3 + 24*s**2 - 84*s - 519. Give r(-8).
153
Let a(f) = -236*f**3 + 85*f**2 - 10*f - 76. What is a(1)?
-237
Let s(a) = -a**2 - 1009*a + 35301. Calculate s(34).
-161
Let k(y) = y**2 - 328*y + 27406. Calculate k(124).
2110
Let a(r) = -632*r**2 - 471*r - 934. Calculate a(-2).
-2520
Let n(h) = h**3 + 471*h**2 - 1319*h - 399532. Give n(-472).
252
Let t(y) = y**3 + 15*y**2 + 127*y + 413. Determine t(-8).
-155
Let u(q) = 126*q - 8444. What is u(67)?
-2
Let q(s) = -5*s**3 + 24*s**2 + 149*s - 965. Give q(7).
-461
Let r(z) = 34040*z + 34021. Give r(-1).
-19
Let o(t) = -7*t**2 - t + 721. Calculate o(10).
11
Let n(b) = -b**2 + 186*b - 1253. Determine n(7).
0
Let p(f) = f**2 + 121*f + 767. Calculate p(-106).
-823
Let n(o) = -o**3 + 54*o**2 - 67*o - 2095. Give n(52).
-171
Let p(a) = -20812*a + 28533259. Determine p(1371).
7
Let a(d) = -d**3 - 1066*d**2 - 47891*d + 3. Calculate a(-47).
-91
Let r(j) = -1038*j + 53781. Calculate r(60).
-8499
Let u(h) = 6*h**2 - 1374*h + 50519. What is u(183)?
11
Let z(f) = 2*f**3 + 38*f**2 + 58*f + 233. What is z(-18)?
-163
Let d(b) = 9006*b**2 - 45108*b + 397. What is d(5)?
7
Let l(b) = 34*b**3 - 5*b**2 - 6*b - 19. What is l(3)?
836
Let j(q) = -1117*q**2 - 272548*q - 31. Calculate j(-244).
-31
Let k(z) = z**3 - 321*z**2 + 8728*z + 23. Determine k(30).
-37
Let m(z) = z**3 + 1302*z**2 - 2016*z + 771970. Calculate m(-1304).
2
Let z(i) = -38429*i - 115373. Calculate z(-3).
-86
Let r(d) = -63*d**2 + 151*d - 46. What is r(6)?
-1408
Let m(s) = -s**2 - 23*s - 113. Give m(30).
-1703
Let i(k) = 2*k**3 + 151*k**2 + 400*k + 2545. Calculate i(-73).
-10
Let d(u) = 32349*u - 291138. Calculate d(9).
3
Let v(l) = 3*l**2 - 74*l + 167. Determine v(2).
31
Let j(n) = n**2 + 1523*n - 79826. Give j(51).
448
Let x(w) = 12*w**2 - 783*w - 2364. Determine x(-3).
93
Let h(i) = 8007*i - 3226864. Determine h(403).
-43
Let x(l) = 7*l**2 + 81190*l + 162356. Determine x(-2).
4
Let u(w) = 3*w**3 - 19*w**2 - 58*w + 422. Give u(7).
114
Let f(j) = -22*j**2 - 4380*j + 46006. Give f(10).
6
Let n(s) = 22*s**3 - 57*s**2 + 40*s + 224. Determine n(-6).
-6820
Let l(b) = b**2 - 2272*b + 29374. Determine l(13).
7
Let s(c) = -1650*c + 7578. Determine s(5).
-672
Let x(i) = i**2 + 6529*i + 71702. Calculate x(-11).
4
Let c(h) = 5593*h - 106184. Give c(19).
83
Let c(w) = 1330*w - 355119. Calculate c(267).
-9
Let y(u) = -u**3 + 364*u**2 - 6536*u - 6563. Determine y(345).
-8
Let s(u) = -11*u**3 - 639*u**2 - 1278*u + 559. What is s(-56)?
-1
Let g(a) = -16*a**3 - 60*a**2 - 38*a - 215. Determine g(-4).
1
Let s(d) = 53*d**2 - 944*d - 11288. Give s(26).
-4
Let x(d) = 30*d**2 + 57*d - 374. Calculate x(-5).
91
Let c(w) = -455*w - 228. Give c(-4).
1592
Let h(t) = -2*t**3 - t**2 - 17860*t - 35731. What is h(-2)?
1
Let z(b) = -5*b**2 - 1405*b - 33150. Determine z(-26).
0
Let b(q) = 2272*q - 111718. Give b(49).
-390
Let a(n) = -30*n - 2678. Give a(-88).
-38
Let d(w) = -w**3 - 105*w**2 + 123*w + 2110. Determine d(-106).
308
L